culate the greatest common factor of 13 and o.
13
Let q(k) = -k + 5. Suppose 3*m = -3*o - 54, 20 = -4*o - 0. Let c be q(m). Calculate the highest common divisor of c and 36.
18
Let x(w) = -6*w**2 - 9*w - 1. Let y be x(-1). Suppose -5*t + 2*a = a - 212, 94 = y*t - 5*a. What is the highest common divisor of t and 28?
14
Let q(d) = 136*d**2 - 5*d - 3. Suppose -3 + 0 = -o - 4*n, -5*n + 2 = 3*o. Let l be q(o). What is the highest common factor of 6 and l?
6
Let l be (1152/36 - -299) + 1*9. Calculate the greatest common factor of 374 and l.
34
Let l be 5/(15/(-12))*44/(-8). Let t = 61 + -38. Let x = t + l. What is the greatest common divisor of 5 and x?
5
Let x(g) = 6*g - 2. Let l be x(1). Let s be 10/(-25)*(-30)/4. Suppose -c = s, -5*c = l*y - 2*y - 49. Calculate the highest common factor of 8 and y.
8
Let l be 46/(-9) + 25/225 - -335. What is the greatest common divisor of l and 390?
30
Let v(j) = -j**3 - 14*j**2 + j - 10. Let g be v(-14). Let w be 5440/(-6)*(g/10)/2. What is the highest common factor of 17 and w?
17
Let u be (-24)/(-32) - (-1008)/192. Suppose j = -4*t - 122, 5*t + 4*j + 147 = -0*j. Let a = 11 - t. What is the greatest common divisor of u and a?
6
Let z(g) = g**3 - 13*g**2 - 24*g + 27. Let c be z(15). Suppose 0 = 5*r + 16 - 81. Calculate the greatest common factor of c and r.
13
Let x = 117 - 90. Let f = -6 + x. What is the highest common divisor of 7 and f?
7
Let v(m) = m**3 - 5*m**2 + 2. Let l be v(5). Suppose -3*i = 4 + 5, 0 = l*j - 3*i - 891. Calculate the greatest common factor of 49 and j.
49
Let f be 30/3 - (-735)/7. Calculate the highest common divisor of f and 5.
5
Let z be -4*(-4)/(-24)*-3. Suppose -2628 = -7*p - z*p. Let q be p/6 - 12/18. What is the highest common divisor of 120 and q?
24
Let q be (-182)/21 - (-1)/(-3). Let c = q - -15. Suppose 128 = 4*o + 4*d, -2*d + 137 + 35 = 5*o. What is the highest common factor of o and c?
6
Let u(m) = m + 3 - 4*m + 0*m. Suppose 5*g = -2*p + 5*p - 34, 4*p + 8 = -4*g. Let j be u(g). Calculate the highest common divisor of j and 72.
18
Let k = -433 - -435. Suppose k*x - 69 = -0*x + 3*b, 3*b = -x + 30. What is the highest common factor of x and 33?
33
Suppose -2*h = -p + 26, -44*p - 82 = -46*p - 2*h. What is the greatest common divisor of 27 and p?
9
Let a = 24 - -67. Let k = a + -69. What is the greatest common divisor of 198 and k?
22
Let o(u) = -80*u + 1449. Let c be o(16). What is the highest common divisor of c and 13?
13
Let r = -3266 + 3518. Let g be 3/4 + 285/4. Calculate the highest common factor of g and r.
36
Let u(b) = b**2 + 33*b + 272. Let j be u(-21). Calculate the greatest common factor of j and 2090.
10
Let i(t) = -4*t**3 + 84*t**2 - 72*t + 2. Let o be i(20). Calculate the greatest common factor of 351 and o.
27
Suppose 472 = 4*y - v, -3*y + 484 = y + 2*v. What is the highest common factor of 561 and y?
17
Let v(j) = 5*j + 1. Let f be v(0). Let r(t) = 15*t + 1. Let p be r(f). Let d(m) = -3*m - 2. Let z be d(-2). What is the highest common factor of z and p?
4
Let f be 0 - (3 + (12 - 11))/((-1)/11). What is the greatest common divisor of f and 10483?
11
Suppose 4*g - 6*w - 2229 = -7*w, 5*g - 2790 = -5*w. Suppose g + 115 = 6*v. What is the highest common divisor of v and 64?
16
Let n be 26/(-8)*-1*4. Let t be 80/(-28)*49/(-14)*4. Let r be (6/9)/(t/780). What is the highest common divisor of r and n?
13
Let k = -203 + 205. Suppose k*g + 3*y - 8 = 0, -6*y = -g - 3*y + 13. What is the greatest common factor of 301 and g?
7
Let y be -3 - (-686)/(4 + 10). What is the highest common divisor of 50 and y?
2
Let q be (16 - 2)/2*(-14)/(-49). Suppose 0 = 2*d - 3*f - 75, -2*f = -6*d + q*d + 162. Suppose 5*l - 607 = -82. What is the greatest common factor of d and l?
21
Suppose -3*l + 6*l - 4265 = -5*b, 0 = -3*b + 4*l + 2530. Suppose 18*c = c + b. What is the greatest common divisor of 400 and c?
50
Suppose 5*w = -j + 195, w - j + 156 = 5*w. Let s(b) = 2*b**2 + 24*b - 30. Let a = -272 - -258. Let k be s(a). What is the highest common divisor of w and k?
13
Suppose 8 - 1 = y. Let h = 8 - 15. Let q be h*(-1*(-4)/2 + -10). What is the greatest common factor of q and y?
7
Let q be 3278 - ((-12 - (4 + -27)) + -21). Calculate the greatest common factor of q and 40.
8
Let b be (-1)/3*(-531)/3. Let u = b + 13. Calculate the greatest common divisor of 16 and u.
8
Suppose -3*l - 79 = -2*z - 4*l, 167 = 4*z + 5*l. Suppose z*g - 32 = 30*g. Calculate the highest common factor of g and 20.
4
Suppose -4*h = 5*x - 173, -2*x + 70 = 4*h - 2*h. Suppose x*w - 21*w - 264 = 0. What is the highest common divisor of w and 14?
2
Let g be 168*((-287)/(-49) + -5). Suppose 9*h - 2 - 16 = 0. Let z(f) = 3*f**3 - f**2 - f. Let y be z(h). What is the highest common factor of g and y?
18
Let j = 3314 + 639. What is the highest common factor of 59 and j?
59
Let n be ((-42)/9 - -5) + (-40)/(-6). What is the highest common factor of n and 7?
7
Let q be 6/78 + (-852)/(-78). Suppose 496 = q*r - 164. What is the greatest common factor of 100 and r?
20
Suppose -7*q + 185 - 248 = 0. Let n be q/(266/(-53) + 5). Calculate the highest common factor of 9 and n.
9
Suppose -3*g - 2*j + 302 = 0, 3*g - 211 = -5*j + 76. Let z = 247 + -169. Calculate the greatest common divisor of g and z.
26
Let t be 0 + -1 + 13 + 0. Let v be (24/(-7) + 408/(-238))/(3/(-56)). Calculate the greatest common factor of v and t.
12
Let g(o) = 2*o**2 - 46*o + 714. Let l be g(22). What is the greatest common divisor of l and 10?
10
Suppose 11*l - 79 = 9. Suppose -a = -5*a + 16. Let r be a/((-4)/1) + 5. Calculate the greatest common factor of l and r.
4
Suppose -p - 6*l + 471 = 0, -4*p + 2282 - 454 = -4*l. Calculate the highest common divisor of p and 27.
27
Let f = -8 + 11. Suppose 51*y = 1068 + 921. What is the highest common divisor of f and y?
3
Let p = -7992 + 8006. Suppose 3*n - 32 = -n. Calculate the highest common divisor of n and p.
2
Let n(y) = y**3 + 4*y**2 + 5*y + 21. Suppose -4*h + 17*v + 13 = 12*v, 0 = -5*h + 2*v - 5. Let t be n(h). What is the highest common divisor of t and 120?
15
Let u be (-3)/(-9) + 164/12 - -2. Let m = 29 + u. Let d be 30/m - (1778/(-6) + 0). What is the highest common factor of d and 27?
27
Let u(v) = -v**3 - 3*v**2 - 35*v + 11. Let n be u(-6). Calculate the greatest common factor of 147 and n.
7
Let w = -4200 - -6584. Calculate the greatest common factor of w and 64.
16
Let z(l) = -l**3 - 15*l**2 - 60*l - 1212. Let a be z(-16). Calculate the highest common factor of a and 702.
2
Let r = -63 - -81. Let d(j) = 5*j**2 - 24*j + 63. Let m be d(9). Calculate the highest common factor of m and r.
18
Let k(j) = 6*j - 7. Let a be k(2). Suppose 4*i = 4*v + 216, i + a*v - 5 = 61. What is the highest common divisor of i and 16?
8
Let q = 29701 + -29699. Let i be (-8)/12 - 386/(-3). Calculate the highest common factor of q and i.
2
Let j = 17290 + 11862. What is the greatest common factor of j and 16?
16
Let d = -857 - -1153. What is the greatest common divisor of 3996 and d?
148
Let p(d) = -24*d - 15. Let y be p(-5). Let c be 126/10 + -6*(-7)/y. Let t be (-75)/(-6) + (-6)/(-12). What is the highest common divisor of c and t?
13
Suppose 303*x - 421800 - 911400 = 0. What is the highest common divisor of 20 and x?
20
Let q = -5056 - -5083. Let b(u) = -u**2 - 8*u + 3. Let s be b(-5). What is the highest common factor of s and q?
9
Let j = -6817 - -10552. What is the highest common divisor of 45 and j?
45
Let v = 14 + -1. Suppose -213 = -h - 2*f, 3*h - 4*h + 207 = 4*f. Suppose -h*n + 213*n + 546 = 0. Calculate the greatest common factor of n and v.
13
Let j(f) = 2 - f - 5*f + 43 - f. Let i be j(5). Suppose -5*t + 382 + 168 = 0. What is the greatest common factor of i and t?
10
Let z be (2 - -19 - (-1 - -3)) + 1. Suppose -3*x = 7 + 305. Let d = x + 108. Calculate the greatest common divisor of z and d.
4
Suppose -3*q + 6*q - 72 = 0. Let x be 1/(4/(-5) + 1). Let j = x - -115. Calculate the greatest common divisor of q and j.
24
Let i = 41 + 92. Suppose -4*a = -u - 3*a, 4*u = -a. Suppose 5*c + 3*l - i = 0, -c - 4*l + 9*l + 21 = u. Calculate the greatest common divisor of c and 91.
13
Let r(f) = -2*f**3 + 244*f**2 - 237*f - 476. Let k be r(121). Calculate the greatest common factor of 9 and k.
3
Let p = 40 - 36. Let y(o) = 62*o**2 -